
Suppose -4*k = 16, -3*j - 3*k = -k - 199. Is j a multiple of 23?
True
Let y(h) = -8*h - 4. Is 12 a factor of y(-5)?
True
Let u(o) = -o + 14. Let n be u(11). Let g be ((-228)/(-18))/(2/n). Let x = -11 + g. Does 4 divide x?
True
Suppose -699 = -3*w - 3*u, 5*w = 5*u - 2*u + 1141. Is 22 a factor of w?
False
Suppose 0*c - 4*c - 26 = -2*j, 0 = -2*c - 8. Suppose -1 + 11 = -z - n, -3*n + 74 = -j*z. Let u = z + 26. Is u a multiple of 13?
True
Suppose -2*m - 5*m + 21 = 0. Let j(v) = -5*v**3 - 3*v**2 - 4*v - 3. Let i be j(-2). Let p = i - m. Is 11 a factor of p?
False
Let c = -10 + 15. Let u(f) = -f**3 + 5*f**2 - 4*f + 5. Let g be u(c). Is (2 + -1)/((-3)/g) even?
False
Let z = 1 - -4. Suppose -z - 49 = -3*k. Does 11 divide k?
False
Suppose -r = 5 - 0. Let l = 7 + r. Suppose 3*c + 2*j + 10 = -3*j, 4*c - l*j - 30 = 0. Does 5 divide c?
True
Let w(x) = -x**3 - 7*x**2 + 2*x + 8. Is w(-8) a multiple of 7?
True
Let m be -1 - -1 - (-2 - 2). Let p = -14 - -31. Suppose 4*y + 5*a - 93 = -p, -m*y + 44 = -3*a. Is y a multiple of 7?
True
Is 20 a factor of 596/10 + (-10)/(-25)?
True
Let y(w) = w**2 - w - 1. Suppose 3*i = -i - 28. Is y(i) a multiple of 16?
False
Suppose 5*m + 3*i = 2*i + 247, 0 = m - i - 47. Is 10 a factor of m?
False
Let w be 0/1 - (-33 + -1). Let m be 2 - (-9)/(-6)*-14. Let x = w - m. Is x a multiple of 11?
True
Suppose 0 = -3*t + 2*x - 328, 5*t - 47 + 603 = x. Is 6 a factor of 2/(-3) + t/(-6)?
True
Suppose 265 - 33 = -4*u. Does 15 divide u/(-1) - (-6 - -5)?
False
Let s = -48 + 58. Does 3 divide s?
False
Let v = 13 - 13. Suppose 6*j + 154 = 3*c + j, v = 4*j - 16. Is c a multiple of 29?
True
Let m(g) = 7 - g + 2*g - 1 + 0. Suppose 0 = 8*x - 3*x. Does 3 divide m(x)?
True
Suppose -2*j = -3*n + 96, -2*n + 36 = 2*j - 28. Is 8 a factor of n?
True
Let c(j) = 6*j - 2. Suppose -7*l + 3*l + 8 = 0. Let a be (-2 - -1)/((-1)/l). Is 10 a factor of c(a)?
True
Let p(h) = h**2 + 7*h - 2. Let u(t) be the first derivative of 2*t**3/3 + 7*t**2 - 3*t - 1. Let l(w) = -5*p(w) + 3*u(w). Is 12 a factor of l(-9)?
False
Suppose -4*j + 0*j + 36 = 0. Is j a multiple of 2?
False
Suppose 0 = -4*x - 0*x + 8. Let g be 140/(-6)*12/(-10). Suppose 2*v - g = -x*v. Is 3 a factor of v?
False
Suppose 15 = 4*j - 5. Suppose 0 = 2*h - j*h + 9. Let p = h + 12. Is p a multiple of 15?
True
Let s(x) = 2*x**2 + x - 1. Let d be s(2). Let z = d - -8. Is 7 a factor of z?
False
Suppose g - 5*k = -7, -g = 4*k - 21 + 1. Suppose g = -5*m + 88. Does 15 divide m?
False
Let m be (21/6)/((-1)/(-6)). Suppose -20 = 5*g, -3*g = -2*w - w + m. Does 2 divide w?
False
Suppose 5*n + 29 = 4*h, -2*h - 2*n = 7 + 1. Suppose 6 = 5*k + 1. Let w = h + k. Is w even?
True
Let g = -52 - -35. Let z be 1*10*(-36)/(-8). Let f = z + g. Is f a multiple of 11?
False
Let p(o) = -2*o + 0 - 8*o**2 + 2*o**2 - o**3 - 5. Let a be p(-6). Let z(q) = q**2 - 4*q. Is 8 a factor of z(a)?
False
Suppose 4*d = 3*z + 4 + 15, 3*d - 9 = -3*z. Suppose -d*o = 16 - 84. Let a = 47 - o. Is 15 a factor of a?
True
Does 50 divide (-1)/((-2)/240)*30/8?
True
Is ((-8)/(-5))/((-8)/(-220)) a multiple of 11?
True
Let k(z) = z**2 - 9*z + 4. Let h be k(9). Suppose 0*f = h*f - 112. Does 14 divide f?
True
Let b be (-1 + 2)*8/2. Suppose -m + 2*m - 3*y = 22, 3*m = -b*y + 66. Is 22 a factor of m?
True
Let b(o) = -3*o**3 - o**2. Let w be b(-1). Does 2 divide 24/14 + w/7?
True
Let o be -1*2*(4 - 17). Suppose -22 - o = -3*v. Is v a multiple of 4?
True
Let w be -2 + (-3)/((-3)/(-3)). Let y be 2/w + 1458/(-30). Let z = 87 + y. Does 19 divide z?
True
Suppose 4*u - 40 = 4. Suppose 2*g = 5 + u. Is g a multiple of 8?
True
Let r(q) = -q**3 + 16*q**2 + 24*q - 9. Is 16 a factor of r(17)?
False
Let d = 70 + -42. Is d a multiple of 14?
True
Is 1*(70 - ((-2)/1 + 0)) a multiple of 18?
True
Let a(p) = p**3 - 3*p**2 - p + 5. Let d be a(3). Suppose 3*k = -b - 0*b + 76, d*b - 3*k = 134. Is 18 a factor of b?
False
Let c(s) = -s**2 - 34*s - 39. Does 17 divide c(-27)?
False
Let j = 4 + -1. Suppose j*i + 4 = 67. Is 21 a factor of i?
True
Suppose 5*m - 1 = 3*v, -m - 3*v + 2*v = 3. Let u = 0 - m. Suppose -3*q - 6 = -3*r, -2*r + 3*q + 1 + u = 0. Is 4 a factor of r?
True
Let b(u) = u**2 + 3*u + 5. Let s be b(-2). Suppose -6 = -s*c, 3*q - c - 97 = 9. Is 18 a factor of q?
True
Suppose 3*s - 47 = 2*s - 2*h, 3*h + 221 = 4*s. Suppose -3*z + 67 = -s. Is z a multiple of 17?
False
Suppose 7*x - 72 = 6*x. Is 9 a factor of x?
True
Let o(d) = -d**3 - d**2 + 5*d - 2. Let i be o(-4). Suppose -4*n + z + 8 = -12, -5*z = 2*n - 10. Suppose -2 = -b - n*c, -3*c + c = 4*b - i. Does 7 divide b?
True
Suppose -3*r + r = 5*n - 8, 8 = -4*n + 2*r. Let k(z) = -z**3 - 3. Let s be k(n). Does 10 divide s/(6/(-34)) + -2?
False
Let m(y) = -y - 6. Let k be m(-7). Let f be ((-1 - -1) + 0)*k. Suppose 5*a + s = -f*a + 125, 3*a - 5*s - 47 = 0. Is 10 a factor of a?
False
Suppose 3*w = -w + 36. Does 2 divide w?
False
Suppose -37 - 39 = -2*r. Does 13 divide r?
False
Suppose 4*o + 17 = -5*p, -p - 5*o = 5 + 11. Let b be p + ((-2)/(-2))/1. Let i = b - -44. Is 18 a factor of i?
False
Is 3 a factor of (3/(-2)*1)/((-72)/912)?
False
Does 19 divide 36 - (-7)/(7/2)?
True
Let z(j) = 6*j + 9. Does 12 divide z(6)?
False
Let b(j) = j**3 - 7*j**2 - 10*j + 3. Let i be b(8). Does 12 divide (i + 14)*38*2?
False
Let q(j) = -j**3 - 4*j**2 - 3*j - 12. Is q(-5) a multiple of 5?
False
Let v be -2 - ((-7)/1)/1. Suppose -32 = -v*x + x. Is x a multiple of 5?
False
Suppose 2*y - 80 = -7*x + 3*x, -x + 39 = y. Is 28 a factor of y?
False
Suppose -s - 4*z - 27 = -146, 548 = 4*s - 2*z. Suppose 4*i + s = 9*i. Is 6 a factor of i?
False
Suppose -9 - 3 = 3*o. Let x = 2 + 10. Let u = x + o. Is u a multiple of 8?
True
Let p(m) = m - 6. Let x be p(9). Suppose -2*j - x*j = 20. Does 14 divide 39 - (-3 - (j - -1))?
False
Suppose -4*y - 1 = 3*q, -2*q + q - 1 = y. Let a be 1/(q - (-24)/9). Does 5 divide a + 7 + 1 + 3?
False
Let r(u) = 3*u**2 + 15*u. Suppose -12 = -3*b, -3*s = -s + 4*b - 4. Is r(s) a multiple of 9?
True
Let a(z) = -7*z + 1. Is a(-5) a multiple of 12?
True
Suppose d - 5*n + 2*n + 9 = 0, d - 1 = -2*n. Is 2 a factor of 8/d*15/(-10)?
True
Let i = -44 + 89. Is 9 a factor of i?
True
Let i = 360 - 140. Is i a multiple of 57?
False
Let s(m) = 11*m**2 - 5*m + 5. Is 23 a factor of s(4)?
True
Let k = 6 - -94. Suppose -4*s - s = -2*q - k, 2*s - 51 = 3*q. Is 18 a factor of s?
True
Let d(f) = -f + 36. Is d(-12) a multiple of 21?
False
Let g = -3 + 5. Suppose g*u + 0*u - 48 = 0. Is 12 a factor of u?
True
Let v = 49 - 12. Suppose 0 = -5*i + v + 103. Is i a multiple of 28?
True
Let f = 5 + -3. Suppose -b + 2 = -j + 2*b, -5 = -3*j - f*b. Does 3 divide (-2)/(-6)*9*j?
True
Let s = -28 + 41. Is s a multiple of 7?
False
Let o(y) = y**3 - 4*y**2 - 7*y + 1. Is o(6) a multiple of 6?
False
Let u be (4/(-6))/((-2)/3). Let o = 5 - u. Suppose 4*k = 2*a + 174, o*a + 111 + 57 = 4*k. Does 16 divide k?
False
Suppose -20 = 5*t, 4*x + 0*t + t + 4 = 0. Suppose 5*k + 21 - 81 = x. Let w = k + -6. Is w a multiple of 6?
True
Let g be (-46)/(-2) + (0 - -1). Suppose 102 = 2*m + y, 3*m - 4*y - g = 118. Is m a multiple of 14?
False
Let b(n) be the first derivative of n**4/4 + 8*n**3/3 + 3*n**2/2 - 10*n - 1. Does 6 divide b(-7)?
True
Suppose i + 15 = 2*i. Is 3 a factor of i?
True
Let q = -1 - -4. Let o(n) = -4*n**q - 7*n**2 - 5 - 2*n - 2*n**3 + 3*n**3 + 2*n**3. Is o(-7) a multiple of 6?
False
Suppose -2*x + 152 = -78. Suppose 3*r = 4*k + x, -r + 5*k - 14 = -34. Is 9 a factor of r?
True
Suppose -5*h - 344 = 2*u, -h - 62 = -3*u + 17. Let q = h - -122. Does 13 divide q?
True
Suppose 2*k - 3*k + 4*i - 6 = 0, 0 = 3*i + 6. Is 17 a factor of (-1)/(-3)*(139 - k)?
True
Suppose 2*r + 4*m - 13 - 3 = 0, 11 = -2*r + 5*m. Suppose -r*h - 2*z + 1 = -9, 25 = 2*h - z. Is 8/20*h*4 a multiple of 11?
False
Suppose z - 4*k = -2*k + 8, -4*k = 3*z + 26. Let d = 5 + z. Suppose -4*g = -4*o + o + 74, d*o + 2*g - 62 = 0. Does 11 divide o?
True
Let d(f) = -2 - 11*f + 1 + 34*f. Suppose 2*o - 3 = -o. Is d(o) a multiple of 11?
True
Let s be 3*(-3)/(-6)*6. Let y = s - 3. Is 6 a factor of y?
True
Let o be ((2 - 0) + 36)*4. Suppose -4*f + o = -2*w + w, 3*w - 38 = -f. Suppose 3*q + 2*k - f = 0, 4*q - 4*k - 37 = 47. Is q a multiple of 5?
False
Let t(x) be the second derivative of -11*x**3/6 - x**2/2 - 2*x. Let v be t(1). Is 14 a factor of